{"id":386,"date":"2022-10-20T10:57:38","date_gmt":"2022-10-20T10:57:38","guid":{"rendered":"http:\/\/muehle-laar.de\/?page_id=386"},"modified":"2023-03-30T12:34:47","modified_gmt":"2023-03-30T10:34:47","slug":"bau-der-scheune","status":"publish","type":"page","link":"https:\/\/muehle-laar.de\/index.php\/die-muehle\/bau-der-scheune\/","title":{"rendered":"Bau des Heimathauses"},"content":{"rendered":"\n<p>Zu Beginn des Jahres 2011 hat der M\u00fchlenverein angefangen in der Gemeinde Ringe eine alte Scheune aus der Zeit um 1870 abzubrechen und die Materialien nach Laar verfrachtet. Auf Antrag des Vereins erteilte das Bauamt des Landkreises im April 2012 die Genehmigung die Scheune in den urspr\u00fcnglichen Abmessungen etwa 40 m von der M\u00fchle entfernt wieder aufzubauen. Der M\u00fchlenverein konnte weitere Baumaterialien des ehemaligen Bauernhauses Segchelhoorn in Emlichheim und weiterer \u00e4lterer H\u00e4user aus Laar \u00fcbernehmen.<\/p>\n\n\n\n<h3 class=\"wp-block-heading\">Erweiterung der Scheune<\/h3>\n\n\n\n<p>Die Arbeiten an der Scheune gingen nur langsam voran, da zun\u00e4chst fast alle Arbeiten in Eigenleistung erbracht wurden. Beim Verein kam bald der Wunsch auf, das Geb\u00e4ude um zwei seitliche Schleppanbauten zu erweitern, um Platz f\u00fcr sanit\u00e4re Anlagen und eine kleine K\u00fcche zu haben. Au\u00dferdem sollte ein Anbau f\u00fcr das Lagern von Ger\u00e4tschaften und den Aufbau einer alten Dorfschmiede geschaffen werden. Der Verein beantragte gleichzeitig den Ausbau des Dachgeschosses, um dort Platz f\u00fcr eine heimatkundliche Ausstellung zu schaffen. Es zeigte sich bald, dass f\u00fcr diese Vorhaben eine Fl\u00e4chennutzungsplan\u00e4nderung notwendig wurde.&nbsp;<\/p>\n\n\n\n<h3 class=\"wp-block-heading\">Warten auf Genehmigung<\/h3>\n\n\n\n<p>Die Bauarbeiten ruhten von Herbst 2014 bis Oktober 2015 bis die erforderlichen Genehmigungen vorlagen. Ab Mitte Oktober 2015 gingen die Arbeiten am Geb\u00e4ude weiter. Ende September 2017 schlie\u00dflich konnten die R\u00e4ume im Erdgeschoss dann feierlich er\u00f6ffnet werden.<\/p>\n\n\n\n<h3 class=\"wp-block-heading\">Die Fertigstellung<\/h3>\n\n\n\n<p>Die Fertigstellung dieses Bauabschnittes war nur m\u00f6glich dank der gro\u00dfen finanziellen Unterst\u00fctzung durch die Gemeinde Laar, des Landkreises, der Grafschafter Sparkassenstiftung, der WAZ, der nvb, der Firma W\u00f6ltjen mit ihrem Gesch\u00e4ftsf\u00fchrer Bernd Tr\u00fc\u00fcn und der Raiffeisen Ems-Vechte e. G.&nbsp; Einen wichtigen Beitrag lieferten auch die Firmen Ekkel, Kwade, infracom, Niemeyer, Fonville und W. Scholten durch Materialleistungen sowie Familien und Einzelpersonen aus Laar und Umgebung, die uns unterst\u00fctzt haben. Einen sehr gro\u00dfen Anteil am Gelingen des Projektes haben die Mitglieder des MV, die in vielen ehrenamtlich geleisteten Stunden die historische Fachwerkscheune errichtet haben. Bis Ende des Jahres 2017 wurden insgesamt \u00fcber 4500 Stunden gez\u00e4hlt.<\/p>\n\n\n\n<p>Der Ausbau des Dachgeschosses ist inzwischen abgeschlossen.&nbsp; Die Ausstellung heimatkundlicher Ger\u00e4te kann erst nach Anschaffung von entsprechenden Vitrinen erfolgen.<\/p>\n\n\n\n<h3 class=\"wp-block-heading\">Die Scheune mieten<\/h3>\n\n\n\n<p>Das Heimathaus kann man auch f\u00fcr Feierlichkeiten mieten. Dies kann man <a href=\"https:\/\/muehle-laar.de\/index.php\/kontakt\/\">hier<\/a> tun.<\/p>\n\n\n\n<figure class=\"wp-block-image size-large\"><a href=\"https:\/\/muehle-laar.de\/wp-content\/uploads\/2022\/11\/IMG_7827-scaled.jpg\"><img loading=\"lazy\" decoding=\"async\" width=\"768\" height=\"1024\" src=\"https:\/\/muehle-laar.de\/wp-content\/uploads\/2022\/11\/IMG_7827-768x1024.jpg\" alt=\"\" class=\"wp-image-519\" srcset=\"https:\/\/muehle-laar.de\/wp-content\/uploads\/2022\/11\/IMG_7827-768x1024.jpg 768w, https:\/\/muehle-laar.de\/wp-content\/uploads\/2022\/11\/IMG_7827-225x300.jpg 225w, https:\/\/muehle-laar.de\/wp-content\/uploads\/2022\/11\/IMG_7827-1152x1536.jpg 1152w, https:\/\/muehle-laar.de\/wp-content\/uploads\/2022\/11\/IMG_7827-1536x2048.jpg 1536w, https:\/\/muehle-laar.de\/wp-content\/uploads\/2022\/11\/IMG_7827-scaled.jpg 1920w\" sizes=\"auto, (max-width: 768px) 100vw, 768px\" \/><\/a><\/figure>\n","protected":false},"excerpt":{"rendered":"<p>Zu Beginn des Jahres 2011 hat der M\u00fchlenverein angefangen in der Gemeinde Ringe eine alte Scheune aus der Zeit um 1870 abzubrechen und die Materialien nach Laar verfrachtet. Auf Antrag des Vereins erteilte das Bauamt des Landkreises im April 2012 die Genehmigung die Scheune in den urspr\u00fcnglichen Abmessungen etwa 40 m von der M\u00fchle entfernt [&hellip;]<\/p>\n","protected":false},"author":1,"featured_media":0,"parent":62,"menu_order":50,"comment_status":"closed","ping_status":"closed","template":"","meta":{"_mc_calendar":[],"footnotes":""},"class_list":["post-386","page","type-page","status-publish","hentry"],"_links":{"self":[{"href":"https:\/\/muehle-laar.de\/index.php\/wp-json\/wp\/v2\/pages\/386","targetHints":{"allow":["GET"]}}],"collection":[{"href":"https:\/\/muehle-laar.de\/index.php\/wp-json\/wp\/v2\/pages"}],"about":[{"href":"https:\/\/muehle-laar.de\/index.php\/wp-json\/wp\/v2\/types\/page"}],"author":[{"embeddable":true,"href":"https:\/\/muehle-laar.de\/index.php\/wp-json\/wp\/v2\/users\/1"}],"replies":[{"embeddable":true,"href":"https:\/\/muehle-laar.de\/index.php\/wp-json\/wp\/v2\/comments?post=386"}],"version-history":[{"count":7,"href":"https:\/\/muehle-laar.de\/index.php\/wp-json\/wp\/v2\/pages\/386\/revisions"}],"predecessor-version":[{"id":807,"href":"https:\/\/muehle-laar.de\/index.php\/wp-json\/wp\/v2\/pages\/386\/revisions\/807"}],"up":[{"embeddable":true,"href":"https:\/\/muehle-laar.de\/index.php\/wp-json\/wp\/v2\/pages\/62"}],"wp:attachment":[{"href":"https:\/\/muehle-laar.de\/index.php\/wp-json\/wp\/v2\/media?parent=386"}],"curies":[{"name":"wp","href":"https:\/\/api.w.org\/{rel}","templated":true}]}}

<p>Zu Beginn des Jahres 2011 hat der Mühlenverein angefangen in der Gemeinde Ringe eine alte Scheune aus der Zeit um 1870 abzubrechen und die Materialien nach Laar verfrachtet. Auf Antrag des Vereins erteilte das Bauamt des Landkreises im April 2012 die Genehmigung die Scheune in den ursprünglichen Abmessungen etwa 40 m von der Mühle entfernt wieder aufzubauen. Der Mühlenverein konnte weitere Baumaterialien des ehemaligen Bauernhauses Segchelhoorn in Emlichheim und weiterer älterer Häuser aus Laar übernehmen.</p>



<h3 class="wp-block-heading">Erweiterung der Scheune</h3>



<p>Die Arbeiten an der Scheune gingen nur langsam voran, da zunächst fast alle Arbeiten in Eigenleistung erbracht wurden. Beim Verein kam bald der Wunsch auf, das Gebäude um zwei seitliche Schleppanbauten zu erweitern, um Platz für sanitäre Anlagen und eine kleine Küche zu haben. Außerdem sollte ein Anbau für das Lagern von Gerätschaften und den Aufbau einer alten Dorfschmiede geschaffen werden. Der Verein beantragte gleichzeitig den Ausbau des Dachgeschosses, um dort Platz für eine heimatkundliche Ausstellung zu schaffen. Es zeigte sich bald, dass für diese Vorhaben eine Flächennutzungsplanänderung notwendig wurde.&nbsp;</p>



<h3 class="wp-block-heading">Warten auf Genehmigung</h3>



<p>Die Bauarbeiten ruhten von Herbst 2014 bis Oktober 2015 bis die erforderlichen Genehmigungen vorlagen. Ab Mitte Oktober 2015 gingen die Arbeiten am Gebäude weiter. Ende September 2017 schließlich konnten die Räume im Erdgeschoss dann feierlich eröffnet werden.</p>



<h3 class="wp-block-heading">Die Fertigstellung</h3>



<p>Die Fertigstellung dieses Bauabschnittes war nur möglich dank der großen finanziellen Unterstützung durch die Gemeinde Laar, des Landkreises, der Grafschafter Sparkassenstiftung, der WAZ, der nvb, der Firma Wöltjen mit ihrem Geschäftsführer Bernd Trüün und der Raiffeisen Ems-Vechte e. G.&nbsp; Einen wichtigen Beitrag lieferten auch die Firmen Ekkel, Kwade, infracom, Niemeyer, Fonville und W. Scholten durch Materialleistungen sowie Familien und Einzelpersonen aus Laar und Umgebung, die uns unterstützt haben. Einen sehr großen Anteil am Gelingen des Projektes haben die Mitglieder des MV, die in vielen ehrenamtlich geleisteten Stunden die historische Fachwerkscheune errichtet haben. Bis Ende des Jahres 2017 wurden insgesamt über 4500 Stunden gezählt.</p>



<p>Der Ausbau des Dachgeschosses ist inzwischen abgeschlossen.&nbsp; Die Ausstellung heimatkundlicher Geräte kann erst nach Anschaffung von entsprechenden Vitrinen erfolgen.</p>



<h3 class="wp-block-heading">Die Scheune mieten</h3>



<p>Das Heimathaus kann man auch für Feierlichkeiten mieten. Dies kann man <a href="https://muehle-laar.de/index.php/kontakt/">hier</a> tun.</p>



<figure class="wp-block-image size-large"><a href="https://muehle-laar.de/wp-content/uploads/2022/11/IMG_7827-scaled.jpg"><img loading="lazy" decoding="async" width="768" height="1024" src="https://muehle-laar.de/wp-content/uploads/2022/11/IMG_7827-768x1024.jpg" alt="" class="wp-image-519" srcset="https://muehle-laar.de/wp-content/uploads/2022/11/IMG_7827-768x1024.jpg 768w, https://muehle-laar.de/wp-content/uploads/2022/11/IMG_7827-225x300.jpg 225w, https://muehle-laar.de/wp-content/uploads/2022/11/IMG_7827-1152x1536.jpg 1152w, https://muehle-laar.de/wp-content/uploads/2022/11/IMG_7827-1536x2048.jpg 1536w, https://muehle-laar.de/wp-content/uploads/2022/11/IMG_7827-scaled.jpg 1920w" sizes="auto, (max-width: 768px) 100vw, 768px" /></a></figure>

<p>Zu Beginn des Jahres 2011 hat der Mühlenverein angefangen in der Gemeinde Ringe eine alte Scheune aus der Zeit um 1870 abzubrechen und die Materialien nach Laar verfrachtet. Auf Antrag des Vereins erteilte das Bauamt des Landkreises im April 2012 die Genehmigung die Scheune in den ursprünglichen Abmessungen etwa 40 m von der Mühle entfernt [&hellip;]</p>
