{"id":219,"date":"2022-10-13T13:26:35","date_gmt":"2022-10-13T13:26:35","guid":{"rendered":"http:\/\/muehle-laar.de\/?page_id=219"},"modified":"2023-04-13T09:15:12","modified_gmt":"2023-04-13T07:15:12","slug":"ein-steckbrief-ueber-die-muehle","status":"publish","type":"page","link":"https:\/\/muehle-laar.de\/index.php\/die-muehle\/ein-steckbrief-ueber-die-muehle\/","title":{"rendered":"Ein Steckbrief \u00fcber die M\u00fchle"},"content":{"rendered":"\n<figure class=\"wp-block-table is-style-stripes\"><table><tbody><tr><td>Typ<\/td><td>Turmholl\u00e4nder (Galerieholl\u00e4nder) restauriert<\/td><\/tr><tr><td>Erbaut<\/td><td>1806\/1807<\/td><\/tr><tr><td>Erbauer<\/td><td>Im Auftrag des Reichsgrafen Ludwig zu&nbsp;<br>Bentheim-Steinfurt<\/td><\/tr><tr><td>Durchmesser unten<\/td><td>9 m<\/td><\/tr><tr><td>Durchmesser oben<\/td><td>5,30 m<\/td><\/tr><tr><td>Mauerst\u00e4rke<\/td><td>Unten: 0,85 m \/ oben: 0,50 m<\/td><\/tr><tr><td>Fl\u00fcgelspannweite<\/td><td>20 m<\/td><\/tr><tr><td>H\u00f6he des Mauerwerks<\/td><td>12,60 m<\/td><\/tr><tr><td>Mahlgut<\/td><td>Getreide<\/td><\/tr><tr><td>Uhrspr\u00fcngliche Mahlwerke<\/td><td>1. Mahlgang f\u00fcr Getreidemehl<br>2. Mahlgang f\u00fcr Graupen (Gerste)<\/td><\/tr><tr><td>H\u00f6he\/ Breite der Galerie<\/td><td>3,10 m \/ 3,20 m<\/td><\/tr><tr><td>Gewicht der Kappe<\/td><td>7 to.<\/td><\/tr><tr><td>H\u00f6he der Kappe<\/td><td>3,80 m<\/td><\/tr><tr><td>Durchmesser Kammrad<\/td><td>2,80 m<\/td><\/tr><tr><td>Untere T\u00fcr\u00f6ffnung<\/td><td>2,20 m x 1,20 m<\/td><\/tr><tr><td>Unterhalt durch<\/td><td>Verein zur Erhaltung der&nbsp;<br>Windm\u00fchle Laar e.V.<\/td><\/tr><tr><td>Adresse<\/td><td>Hauptstra\u00dfe 49<br>49824 Laar<\/td><\/tr><tr><td>Mahlbetrieb eingestellt<\/td><td>1909 wegen Unrentabilit\u00e4t<\/td><\/tr><tr><td>Heutige Nutzung<\/td><td>Begegnungsst\u00e4tte<\/td><\/tr><tr><td>Restauriert<\/td><td>1981 im Rahmendes Dorferneuerungsprogrammes und der Flurbereinigung<\/td><\/tr><\/tbody><\/table><\/figure>\n","protected":false},"excerpt":{"rendered":"<p>Typ Turmholl\u00e4nder (Galerieholl\u00e4nder) restauriert Erbaut 1806\/1807 Erbauer Im Auftrag des Reichsgrafen Ludwig zu&nbsp;Bentheim-Steinfurt Durchmesser unten 9 m Durchmesser oben 5,30 m Mauerst\u00e4rke Unten: 0,85 m \/ oben: 0,50 m Fl\u00fcgelspannweite 20 m H\u00f6he des Mauerwerks 12,60 m Mahlgut Getreide Uhrspr\u00fcngliche Mahlwerke 1. Mahlgang f\u00fcr Getreidemehl2. Mahlgang f\u00fcr Graupen (Gerste) H\u00f6he\/ Breite der Galerie 3,10 m [&hellip;]<\/p>\n","protected":false},"author":1,"featured_media":0,"parent":62,"menu_order":20,"comment_status":"closed","ping_status":"closed","template":"","meta":{"_mc_calendar":[],"footnotes":""},"class_list":["post-219","page","type-page","status-publish","hentry"],"_links":{"self":[{"href":"https:\/\/muehle-laar.de\/index.php\/wp-json\/wp\/v2\/pages\/219","targetHints":{"allow":["GET"]}}],"collection":[{"href":"https:\/\/muehle-laar.de\/index.php\/wp-json\/wp\/v2\/pages"}],"about":[{"href":"https:\/\/muehle-laar.de\/index.php\/wp-json\/wp\/v2\/types\/page"}],"author":[{"embeddable":true,"href":"https:\/\/muehle-laar.de\/index.php\/wp-json\/wp\/v2\/users\/1"}],"replies":[{"embeddable":true,"href":"https:\/\/muehle-laar.de\/index.php\/wp-json\/wp\/v2\/comments?post=219"}],"version-history":[{"count":3,"href":"https:\/\/muehle-laar.de\/index.php\/wp-json\/wp\/v2\/pages\/219\/revisions"}],"predecessor-version":[{"id":811,"href":"https:\/\/muehle-laar.de\/index.php\/wp-json\/wp\/v2\/pages\/219\/revisions\/811"}],"up":[{"embeddable":true,"href":"https:\/\/muehle-laar.de\/index.php\/wp-json\/wp\/v2\/pages\/62"}],"wp:attachment":[{"href":"https:\/\/muehle-laar.de\/index.php\/wp-json\/wp\/v2\/media?parent=219"}],"curies":[{"name":"wp","href":"https:\/\/api.w.org\/{rel}","templated":true}]}}

Ein Steckbrief über die Mühle

<figure class="wp-block-table is-style-stripes"><table><tbody><tr><td>Typ</td><td>Turmholländer (Galerieholländer) restauriert</td></tr><tr><td>Erbaut</td><td>1806/1807</td></tr><tr><td>Erbauer</td><td>Im Auftrag des Reichsgrafen Ludwig zu&nbsp;<br>Bentheim-Steinfurt</td></tr><tr><td>Durchmesser unten</td><td>9 m</td></tr><tr><td>Durchmesser oben</td><td>5,30 m</td></tr><tr><td>Mauerstärke</td><td>Unten: 0,85 m / oben: 0,50 m</td></tr><tr><td>Flügelspannweite</td><td>20 m</td></tr><tr><td>Höhe des Mauerwerks</td><td>12,60 m</td></tr><tr><td>Mahlgut</td><td>Getreide</td></tr><tr><td>Uhrsprüngliche Mahlwerke</td><td>1. Mahlgang für Getreidemehl<br>2. Mahlgang für Graupen (Gerste)</td></tr><tr><td>Höhe/ Breite der Galerie</td><td>3,10 m / 3,20 m</td></tr><tr><td>Gewicht der Kappe</td><td>7 to.</td></tr><tr><td>Höhe der Kappe</td><td>3,80 m</td></tr><tr><td>Durchmesser Kammrad</td><td>2,80 m</td></tr><tr><td>Untere Türöffnung</td><td>2,20 m x 1,20 m</td></tr><tr><td>Unterhalt durch</td><td>Verein zur Erhaltung der&nbsp;<br>Windmühle Laar e.V.</td></tr><tr><td>Adresse</td><td>Hauptstraße 49<br>49824 Laar</td></tr><tr><td>Mahlbetrieb eingestellt</td><td>1909 wegen Unrentabilität</td></tr><tr><td>Heutige Nutzung</td><td>Begegnungsstätte</td></tr><tr><td>Restauriert</td><td>1981 im Rahmendes Dorferneuerungsprogrammes und der Flurbereinigung</td></tr></tbody></table></figure>

<p>Typ Turmholländer (Galerieholländer) restauriert Erbaut 1806/1807 Erbauer Im Auftrag des Reichsgrafen Ludwig zu&nbsp;Bentheim-Steinfurt Durchmesser unten 9 m Durchmesser oben 5,30 m Mauerstärke Unten: 0,85 m / oben: 0,50 m Flügelspannweite 20 m Höhe des Mauerwerks 12,60 m Mahlgut Getreide Uhrsprüngliche Mahlwerke 1. Mahlgang für Getreidemehl2. Mahlgang für Graupen (Gerste) Höhe/ Breite der Galerie 3,10 m [&hellip;]</p>
